{"id":116,"date":"2018-09-17T17:59:07","date_gmt":"2018-09-17T17:59:07","guid":{"rendered":"http:\/\/ligadonanet.com.br\/mfs\/?page_id=116"},"modified":"2018-09-17T17:59:07","modified_gmt":"2018-09-17T17:59:07","slug":"sistema-de-deteccao-de-fumaca","status":"publish","type":"page","link":"https:\/\/mfsincendio.com.br\/?page_id=116","title":{"rendered":"Sistema de detec\u00e7\u00e3o de fuma\u00e7a"},"content":{"rendered":"<ul class=\"gallery\">\n<li><a class=\"lightbox\" title=\"Sistema de detec\u00e7\u00e3o de fuma\u00e7a\" href=\"http:\/\/www.mfsincendio.com.br\/imagens\/informacoes\/sistema-deteccao-fumaca-01.jpg\" data-fancybox=\"group1\" data-caption=\"Sistema de detec\u00e7\u00e3o de fuma\u00e7a\"><img decoding=\"async\" title=\"Sistema de detec\u00e7\u00e3o de fuma\u00e7a\" src=\"http:\/\/www.mfsincendio.com.br\/imagens\/informacoes\/\/sistema-deteccao-fumaca-01.jpg\" alt=\"Sistema de detec\u00e7\u00e3o de fuma\u00e7a\" \/><\/a><\/li>\n<li><a class=\"lightbox\" title=\"Sistema de detec\u00e7\u00e3o de fuma\u00e7a\" href=\"http:\/\/www.mfsincendio.com.br\/imagens\/informacoes\/sistema-deteccao-fumaca-02.jpg\" data-fancybox=\"group1\" data-caption=\"Sistema de detec\u00e7\u00e3o de fuma\u00e7a\"><img decoding=\"async\" title=\"Sistema de detec\u00e7\u00e3o de fuma\u00e7a\" src=\"http:\/\/www.mfsincendio.com.br\/imagens\/informacoes\/\/sistema-deteccao-fumaca-02.jpg\" alt=\"Sistema de detec\u00e7\u00e3o de fuma\u00e7a\" \/><\/a><\/li>\n<li><a class=\"lightbox\" title=\"Sistema de detec\u00e7\u00e3o de fuma\u00e7a\" href=\"http:\/\/www.mfsincendio.com.br\/imagens\/informacoes\/sistema-deteccao-fumaca-03.jpg\" data-fancybox=\"group1\" data-caption=\"Sistema de detec\u00e7\u00e3o de fuma\u00e7a\"><img decoding=\"async\" title=\"Sistema de detec\u00e7\u00e3o de fuma\u00e7a\" src=\"http:\/\/www.mfsincendio.com.br\/imagens\/informacoes\/\/sistema-deteccao-fumaca-03.jpg\" alt=\"Sistema de detec\u00e7\u00e3o de fuma\u00e7a\" \/><\/a><\/li>\n<\/ul>\n<p class=\"alerta\">Clique nas imagens para ampliar<\/p>\n<h2>SEGURAN\u00c7A PROPORCIONADA PELO SISTEMA DE DETEC\u00c7\u00c3O DE FUMA\u00c7A E INC\u00caNDIO<\/h2>\n<p>A efici\u00eancia do\u00a0<strong>sistema de detec\u00e7\u00e3o de fuma\u00e7a<\/strong>\u00a0na detec\u00e7\u00e3o de inc\u00eandios deve-se ao fato de que toda combust\u00e3o gera a elimina\u00e7\u00e3o de gases e s\u00f3lidos em suspens\u00e3o que comp\u00f5em a fuma\u00e7a. Contando com m\u00e9todos de detec\u00e7\u00e3o altamente sens\u00edveis, os detectores informam a ocorr\u00eancia de inc\u00eandios antes que as chamas alcancem grandes propor\u00e7\u00f5es, conferindo tempo h\u00e1bil para a realiza\u00e7\u00e3o de todos os procedimentos de seguran\u00e7a, como evacua\u00e7\u00f5es e acionamentos de sistemas de combate ao fogo.<\/p>\n<h2>SISTEMA DE DETEC\u00c7\u00c3O DE FUMA\u00c7A FOTOEL\u00c9TRICO OU I\u00d4NICO<\/h2>\n<p>O\u00a0<strong>sistema de detec\u00e7\u00e3o de fuma\u00e7a<\/strong>\u00a0oferece:<\/p>\n<ul class=\"list\">\n<li>Automatiza\u00e7\u00e3o do acionamento de sistemas de combate a inc\u00eandio;<\/li>\n<li>Monitoramento constante;<\/li>\n<li>Monitoramento de toda a \u00e1rea interna do pr\u00e9dio.<\/li>\n<\/ul>\n<p>O modo de funcionamento do\u00a0<strong>sistema de detec\u00e7\u00e3o de fuma\u00e7a<\/strong>\u00a0varia de acordo com o tipo de equipamento utilizado. Os detectores do tipo i\u00f4nico contam com uma fonte el\u00e9trica conectada a uma c\u00e2mara de ioniza\u00e7\u00e3o. A radia\u00e7\u00e3o emitida no interior do equipamento \u00e9 inofensiva \u00e0s pessoas frequentadoras do ambiente e tem como fun\u00e7\u00e3o alertar o equipamento quando \u00e9 detectada a presen\u00e7a de fuma\u00e7a. A fuma\u00e7a impede que a corrente el\u00e9trica transite pela c\u00e2mara de ioniza\u00e7\u00e3o, sendo essa interrup\u00e7\u00e3o do processo o sinal para a emiss\u00e3o do alarme. O\u00a0<strong>sistema de detec\u00e7\u00e3o de fuma\u00e7a<\/strong>\u00a0composto por equipamentos fotoel\u00e9tricos opera de modo semelhante. Utilizando a transforma\u00e7\u00e3o de luz em pulsos el\u00e9tricos, os equipamentos mant\u00eam emiss\u00f5es e recep\u00e7\u00f5es cont\u00ednuas de raios de luz. Quando a presen\u00e7a de fuma\u00e7a no ar interfere na passagem da luz, essa varia\u00e7\u00e3o \u00e9 detectada pelos sensores, o que desencadeia o acionamento de alarmes e demais sistemas de combate ao inc\u00eandio.<\/p>\n<h2>SERVI\u00c7O QUALIFICADO DE INSTALA\u00c7\u00c3O DE SISTEMAS DE DETEC\u00c7\u00c3O<\/h2>\n<p>A solicita\u00e7\u00e3o do\u00a0<strong>sistema de detec\u00e7\u00e3o de fuma\u00e7a<\/strong>\u00a0da MFS garante a execu\u00e7\u00e3o de uma instala\u00e7\u00e3o especializada, realizada a partir das diretrizes de projetistas experientes. Isso assegura o empreendimento porque os equipamentos para a detec\u00e7\u00e3o de fuma\u00e7a cont\u00eam com posicionamento estrat\u00e9gico, alcan\u00e7ando a capacidade de monitoramento de toda a \u00e1rea interna da edifica\u00e7\u00e3o.<\/p>\n<p>A presta\u00e7\u00e3o de servi\u00e7os de instala\u00e7\u00e3o e manuten\u00e7\u00e3o de\u00a0<strong>sistema de detec\u00e7\u00e3o de fuma\u00e7a<\/strong>\u00a0est\u00e1 dispon\u00edvel para empreendimentos localizados em S\u00e3o Paulo. O com\u00e9rcio de equipamentos e sistemas para combate a inc\u00eandio \u00e9 oferecido para clientes em todo o pa\u00eds.<\/p>\n<div class=\"more\">\n<h2>Para saber mais sobre Sistema de detec\u00e7\u00e3o de fuma\u00e7a<\/h2>\n<p>Ligue para\u00a0<strong>11 2925-3675<\/strong>\u00a0ou\u00a0<a title=\"Envie um e-mail para MFS\" href=\"http:\/\/www.mfsincendio.com.br\/contato\" rel=\"nofollow\">clique aqui<\/a>\u00a0e entre em contato por email.<\/div>\n","protected":false},"excerpt":{"rendered":"<div class=\"slide-text-bg2\">\n<h3>Clique nas imagens para ampliar SEGURAN\u00c7A PROPORCIONADA PELO SISTEMA DE DETEC\u00c7\u00c3O DE FUMA\u00c7A E INC\u00caNDIO A efici\u00eancia do\u00a0sistema de detec\u00e7\u00e3o<\/h3>\n<\/div>\n<div class=\"flex-btn-div\"><a href=\"https:\/\/mfsincendio.com.br\/?page_id=116\" class=\"btn1 flex-btn\">Ler mais<\/a><\/div>\n","protected":false},"author":1,"featured_media":0,"parent":0,"menu_order":0,"comment_status":"closed","ping_status":"closed","template":"","meta":{"_joinchat":[],"footnotes":""},"class_list":["post-116","page","type-page","status-publish","hentry"],"_links":{"self":[{"href":"https:\/\/mfsincendio.com.br\/index.php?rest_route=\/wp\/v2\/pages\/116","targetHints":{"allow":["GET"]}}],"collection":[{"href":"https:\/\/mfsincendio.com.br\/index.php?rest_route=\/wp\/v2\/pages"}],"about":[{"href":"https:\/\/mfsincendio.com.br\/index.php?rest_route=\/wp\/v2\/types\/page"}],"author":[{"embeddable":true,"href":"https:\/\/mfsincendio.com.br\/index.php?rest_route=\/wp\/v2\/users\/1"}],"replies":[{"embeddable":true,"href":"https:\/\/mfsincendio.com.br\/index.php?rest_route=%2Fwp%2Fv2%2Fcomments&post=116"}],"version-history":[{"count":0,"href":"https:\/\/mfsincendio.com.br\/index.php?rest_route=\/wp\/v2\/pages\/116\/revisions"}],"wp:attachment":[{"href":"https:\/\/mfsincendio.com.br\/index.php?rest_route=%2Fwp%2Fv2%2Fmedia&parent=116"}],"curies":[{"name":"wp","href":"https:\/\/api.w.org\/{rel}","templated":true}]}}