{"id":211,"date":"2018-09-14T18:00:14","date_gmt":"2018-09-14T18:00:14","guid":{"rendered":"http:\/\/ligadonanet.com.br\/mfs\/?page_id=6"},"modified":"2019-02-04T11:05:29","modified_gmt":"2019-02-04T11:05:29","slug":"servicos","status":"publish","type":"page","link":"https:\/\/mfsincendio.com.br\/?page_id=211","title":{"rendered":"Servi\u00e7os"},"content":{"rendered":"<p>Al\u00e9m da assessoria t\u00e9cnica, fornecemos aos nossos clientes uma vasta lista de servi\u00e7os, dentre eles:<\/p>\n<ul>\n<li>Instala\u00e7\u00f5es de sistema de alarme de inc\u00eandio, sistema de detec\u00e7\u00e3o de fuma\u00e7a e calor, rede de hidrantes, rede de sprinklers, sistema de mangotinhos, sistema de prote\u00e7\u00e3o atmosf\u00e9ricas (SPDA), rede de g\u00e1s (GLP e GN), sistema &#8220;PEX&#8221;, portas corta-fogo, barras anti-p\u00e2nico, pressuriza\u00e7\u00e3o de escadas de emerg\u00eancia, bombas de inc\u00eandio e pain\u00e9is de comando (padr\u00e3o NFPA e NBR\/ABNT), ilumina\u00e7\u00e3o de emerg\u00eancia, sistema de para-raios;<\/li>\n<li>Prote\u00e7\u00e3o passiva contra inc\u00eandios;<\/li>\n<li>Controle de fuma\u00e7a;<\/li>\n<li>Sinaliza\u00e7\u00f5es de equipamentos e rotas de fuga;<\/li>\n<li>Venda de toda a linha de equipamentos contra inc\u00eandio, tais como extintores, mangueiras, sprinklers, alarmes de inc\u00eandio, sinaliza\u00e7\u00f5es, conex\u00f5es hidr\u00e1ulicas, bombas, pain\u00e9is de comando, dentre outros;<\/li>\n<li>Obten\u00e7\u00e3o e renova\u00e7\u00e3o de Auto de Vistoria do Corpo de Bombeiros (AVCB) e Certificado de Licen\u00e7a do Corpo de Bombeiros (CLCB).<\/li>\n<\/ul>\n<p>Todos os materiais comercializados pela empresa s\u00e3o fabricados por empresas id\u00f4neas e respons\u00e1veis, e possuem certifica\u00e7\u00e3o da ABNT e do Inmetro.<\/p>\n<p>Estamos \u00e0 disposi\u00e7\u00e3o para fornec\u00ea-los nossa assessoria e servi\u00e7os. Em caso de d\u00favidas, n\u00e3o hesite em contatar-nos atrav\u00e9s de nossos canais de atendimento e solicite uma visita t\u00e9cnica sem compromisso.<\/p>\n","protected":false},"excerpt":{"rendered":"<div class=\"slide-text-bg2\">\n<h3>Al\u00e9m da assessoria t\u00e9cnica, fornecemos aos nossos clientes uma vasta lista de servi\u00e7os, dentre eles: Instala\u00e7\u00f5es de sistema de alarme<\/h3>\n<\/div>\n<div class=\"flex-btn-div\"><a href=\"https:\/\/mfsincendio.com.br\/?page_id=211\" class=\"btn1 flex-btn\">Ler mais<\/a><\/div>\n","protected":false},"author":1,"featured_media":0,"parent":0,"menu_order":0,"comment_status":"closed","ping_status":"closed","template":"","meta":{"_joinchat":[],"footnotes":""},"class_list":["post-211","page","type-page","status-publish","hentry"],"_links":{"self":[{"href":"https:\/\/mfsincendio.com.br\/index.php?rest_route=\/wp\/v2\/pages\/211","targetHints":{"allow":["GET"]}}],"collection":[{"href":"https:\/\/mfsincendio.com.br\/index.php?rest_route=\/wp\/v2\/pages"}],"about":[{"href":"https:\/\/mfsincendio.com.br\/index.php?rest_route=\/wp\/v2\/types\/page"}],"author":[{"embeddable":true,"href":"https:\/\/mfsincendio.com.br\/index.php?rest_route=\/wp\/v2\/users\/1"}],"replies":[{"embeddable":true,"href":"https:\/\/mfsincendio.com.br\/index.php?rest_route=%2Fwp%2Fv2%2Fcomments&post=211"}],"version-history":[{"count":2,"href":"https:\/\/mfsincendio.com.br\/index.php?rest_route=\/wp\/v2\/pages\/211\/revisions"}],"predecessor-version":[{"id":350,"href":"https:\/\/mfsincendio.com.br\/index.php?rest_route=\/wp\/v2\/pages\/211\/revisions\/350"}],"wp:attachment":[{"href":"https:\/\/mfsincendio.com.br\/index.php?rest_route=%2Fwp%2Fv2%2Fmedia&parent=211"}],"curies":[{"name":"wp","href":"https:\/\/api.w.org\/{rel}","templated":true}]}}