{"id":40,"date":"2018-09-14T18:22:14","date_gmt":"2018-09-14T18:22:14","guid":{"rendered":"http:\/\/ligadonanet.com.br\/mfs\/?page_id=40"},"modified":"2018-09-14T18:22:14","modified_gmt":"2018-09-14T18:22:14","slug":"distribuidor-de-hidrantes","status":"publish","type":"page","link":"https:\/\/mfsincendio.com.br\/?page_id=40","title":{"rendered":"Distribuidor de hidrantes"},"content":{"rendered":"<ul class=\"gallery\">\n<li><a class=\"lightbox\" title=\"Distribuidor de hidrantes\" href=\"http:\/\/www.mfsincendio.com.br\/imagens\/informacoes\/distribuidor-hidrantes-01.jpg\" data-fancybox=\"group1\" data-caption=\"Distribuidor de hidrantes\"><img decoding=\"async\" title=\"Distribuidor de hidrantes\" src=\"http:\/\/www.mfsincendio.com.br\/imagens\/informacoes\/\/distribuidor-hidrantes-01.jpg\" alt=\"Distribuidor de hidrantes\" \/><\/a><\/li>\n<li><a class=\"lightbox\" title=\"Distribuidor de hidrantes\" href=\"http:\/\/www.mfsincendio.com.br\/imagens\/informacoes\/distribuidor-hidrantes-02.jpg\" data-fancybox=\"group1\" data-caption=\"Distribuidor de hidrantes\"><img decoding=\"async\" title=\"Distribuidor de hidrantes\" src=\"http:\/\/www.mfsincendio.com.br\/imagens\/informacoes\/\/distribuidor-hidrantes-02.jpg\" alt=\"Distribuidor de hidrantes\" \/><\/a><\/li>\n<li><a class=\"lightbox\" title=\"Distribuidor de hidrantes\" href=\"http:\/\/www.mfsincendio.com.br\/imagens\/informacoes\/distribuidor-hidrantes-03.jpg\" data-fancybox=\"group1\" data-caption=\"Distribuidor de hidrantes\"><img decoding=\"async\" title=\"Distribuidor de hidrantes\" src=\"http:\/\/www.mfsincendio.com.br\/imagens\/informacoes\/\/distribuidor-hidrantes-03.jpg\" alt=\"Distribuidor de hidrantes\" \/><\/a><\/li>\n<\/ul>\n<p class=\"alerta\">Clique nas imagens para ampliar<\/p>\n<h2>VANTAGENS EM CONTAR COM UM DISTRIBUIDOR DE HIDRANTES<\/h2>\n<p>Cabe ao\u00a0<strong>distribuidor de hidrantes<\/strong>\u00a0ofertar para empresas, com\u00e9rcios, condom\u00ednios e outros locais um dos mais qualificados equipamentos voltados para o combate contra inc\u00eandio: os hidrantes. Esses populares equipamentos, que est\u00e3o visivelmente instalados em diversas vias p\u00fablicas, oferecem uma grande colabora\u00e7\u00e3o em situa\u00e7\u00f5es de emerg\u00eancia com inc\u00eandio e isso ocorre justamente por sua instala\u00e7\u00e3o precisa, que proporciona uma liga\u00e7\u00e3o entre o foco de inc\u00eandio e as tubula\u00e7\u00f5es respons\u00e1veis pelo abastecimento p\u00fablico de \u00e1gua. Ou seja, a parceria com um\u00a0<strong>distribuidor de hidrantes<\/strong>\u00a0de qualidade garante a presen\u00e7a de um item totalmente funcional quando o assunto \u00e9 agilidade para combater inc\u00eandios.<\/p>\n<p>Esses hidrantes, portanto, s\u00e3o equipamentos desenvolvidos com mat\u00e9rias-primas de alt\u00edssima resist\u00eancia que contam com sa\u00eddas que s\u00e3o conectadas as mangueiras e, desta forma, oferece a condu\u00e7\u00e3o de, em m\u00e9dia, mil litros de \u00e1gua por minuto para o foco do inc\u00eandio. No entanto, \u00e9 poss\u00edvel que esse equipamento tamb\u00e9m possa ser utilizado para recarregar \u00e1gua para as viaturas do corpo de bombeiros. Sendo assim, \u00e9 compreens\u00edvel a import\u00e2ncia que o\u00a0<strong>distribuidor de hidrantes<\/strong>\u00a0tem no mercado atualmente, afinal, \u00e9 o distribuidor respons\u00e1vel por oferecer esses itens t\u00e3o funcionais para os mais variados locais de instala\u00e7\u00e3o.<\/p>\n<h2>COMO ESCOLHER O MELHOR DISTRIBUIDOR DE HIDRANTES?<\/h2>\n<p>\u00c9 verdade que a qualidade de um objeto est\u00e1 diretamente relacionada ao local onde ele foi adquirido, por isso, \u00e9 fundamental contar com um\u00a0<strong>distribuidor de hidrantes<\/strong>\u00a0experiente no ramo. Desta maneira, \u00e9 garantido um equipamento com as seguintes vantagens:<\/p>\n<ul class=\"list\">\n<li>Desenvolvidos com mat\u00e9rias-primas de qualidade;<\/li>\n<li>Com ampla durabilidade;<\/li>\n<li>Total funcionalidade quando necess\u00e1rio.<\/li>\n<\/ul>\n<h2>O DISTRIBUIDOR DE HIDRANTES DE QUALIDADE TEM NOME: MFS<\/h2>\n<p>Com vasta experi\u00eancia no setor de distribui\u00e7\u00e3o de equipamentos voltados para controle e combate de inc\u00eandios, a MFS segue, desde a sua funda\u00e7\u00e3o, proporcionando sempre os melhores equipamentos e servi\u00e7os aos seus clientes. Por esse motivo, a MFS \u00e9 a empresa mais indicada do ramo, sempre certificando um \u00f3timo neg\u00f3cio aos clientes que a procuram. Afinal, s\u00f3 a MFS garante \u00f3timo pre\u00e7o, qualidade e resist\u00eancia aos seus servi\u00e7os e, al\u00e9m disso, conta com um quadro de colaboradores totalmente especializados na \u00e1rea.<\/p>\n<div class=\"more\">\n<h2>Para saber mais sobre Distribuidor de hidrantes<\/h2>\n<p>Ligue para\u00a0<strong>11 2925-3675<\/strong>\u00a0ou\u00a0<a title=\"Envie um e-mail para MFS\" href=\"http:\/\/www.mfsincendio.com.br\/contato\" rel=\"nofollow\">clique aqui<\/a>\u00a0e entre em contato por email.<\/div>\n","protected":false},"excerpt":{"rendered":"<div class=\"slide-text-bg2\">\n<h3>Clique nas imagens para ampliar VANTAGENS EM CONTAR COM UM DISTRIBUIDOR DE HIDRANTES Cabe ao\u00a0distribuidor de hidrantes\u00a0ofertar para empresas, com\u00e9rcios,<\/h3>\n<\/div>\n<div class=\"flex-btn-div\"><a href=\"https:\/\/mfsincendio.com.br\/?page_id=40\" class=\"btn1 flex-btn\">Ler mais<\/a><\/div>\n","protected":false},"author":1,"featured_media":0,"parent":0,"menu_order":0,"comment_status":"closed","ping_status":"closed","template":"","meta":{"_joinchat":[],"footnotes":""},"class_list":["post-40","page","type-page","status-publish","hentry"],"_links":{"self":[{"href":"https:\/\/mfsincendio.com.br\/index.php?rest_route=\/wp\/v2\/pages\/40","targetHints":{"allow":["GET"]}}],"collection":[{"href":"https:\/\/mfsincendio.com.br\/index.php?rest_route=\/wp\/v2\/pages"}],"about":[{"href":"https:\/\/mfsincendio.com.br\/index.php?rest_route=\/wp\/v2\/types\/page"}],"author":[{"embeddable":true,"href":"https:\/\/mfsincendio.com.br\/index.php?rest_route=\/wp\/v2\/users\/1"}],"replies":[{"embeddable":true,"href":"https:\/\/mfsincendio.com.br\/index.php?rest_route=%2Fwp%2Fv2%2Fcomments&post=40"}],"version-history":[{"count":0,"href":"https:\/\/mfsincendio.com.br\/index.php?rest_route=\/wp\/v2\/pages\/40\/revisions"}],"wp:attachment":[{"href":"https:\/\/mfsincendio.com.br\/index.php?rest_route=%2Fwp%2Fv2%2Fmedia&parent=40"}],"curies":[{"name":"wp","href":"https:\/\/api.w.org\/{rel}","templated":true}]}}