{"id":54,"date":"2018-09-14T18:44:54","date_gmt":"2018-09-14T18:44:54","guid":{"rendered":"http:\/\/ligadonanet.com.br\/mfs\/?page_id=54"},"modified":"2018-09-14T18:44:54","modified_gmt":"2018-09-14T18:44:54","slug":"equipamentos-contra-incendios-sp","status":"publish","type":"page","link":"https:\/\/mfsincendio.com.br\/?page_id=54","title":{"rendered":"Equipamentos contra inc\u00eandios sp"},"content":{"rendered":"<ul class=\"gallery\">\n<li><a class=\"lightbox\" title=\"Equipamentos contra inc\u00eandios sp\" href=\"http:\/\/www.mfsincendio.com.br\/imagens\/informacoes\/equipamentos-incendios-sp-01.jpg\" data-fancybox=\"group1\" data-caption=\"Equipamentos contra inc\u00eandios sp\"><img decoding=\"async\" title=\"Equipamentos contra inc\u00eandios sp\" src=\"http:\/\/www.mfsincendio.com.br\/imagens\/informacoes\/\/equipamentos-incendios-sp-01.jpg\" alt=\"Equipamentos contra inc\u00eandios sp\" \/><\/a><\/li>\n<li><a class=\"lightbox\" title=\"Equipamentos contra inc\u00eandios sp\" href=\"http:\/\/www.mfsincendio.com.br\/imagens\/informacoes\/equipamentos-incendios-sp-02.jpg\" data-fancybox=\"group1\" data-caption=\"Equipamentos contra inc\u00eandios sp\"><img decoding=\"async\" title=\"Equipamentos contra inc\u00eandios sp\" src=\"http:\/\/www.mfsincendio.com.br\/imagens\/informacoes\/\/equipamentos-incendios-sp-02.jpg\" alt=\"Equipamentos contra inc\u00eandios sp\" \/><\/a><\/li>\n<li><a class=\"lightbox\" title=\"Equipamentos contra inc\u00eandios sp\" href=\"http:\/\/www.mfsincendio.com.br\/imagens\/informacoes\/equipamentos-incendios-sp-03.jpg\" data-fancybox=\"group1\" data-caption=\"Equipamentos contra inc\u00eandios sp\"><img decoding=\"async\" title=\"Equipamentos contra inc\u00eandios sp\" src=\"http:\/\/www.mfsincendio.com.br\/imagens\/informacoes\/\/equipamentos-incendios-sp-03.jpg\" alt=\"Equipamentos contra inc\u00eandios sp\" \/><\/a><\/li>\n<\/ul>\n<p class=\"alerta\">Clique nas imagens para ampliar<\/p>\n<h2>EQUIPAMENTOS CONTRA INC\u00caNDIOS SP E REGI\u00c3O<\/h2>\n<p>\u00c9 verdade que, infelizmente, devido \u00e0 falta de preven\u00e7\u00e3o \u00e9 comum que inc\u00eandios aconte\u00e7am frequentemente em diversos meios comerciais. Por isso, \u00e9 de extrema import\u00e2ncia que f\u00e1bricas, com\u00e9rcios, condom\u00ednios e quaisquer outros locais estejam sempre prevenidos com equipamentos contra inc\u00eandios SP. Esses equipamentos, como o pr\u00f3prio nome adianta, est\u00e3o totalmente preparados para uma atua\u00e7\u00e3o de qualidade contra lament\u00e1veis contratempos, impedindo desde os primeiros momentos que as chamas se alastrem e este inc\u00eandio atinja maiores propor\u00e7\u00f5es.<\/p>\n<p>Esses equipamentos contra inc\u00eandios SP s\u00e3o desenvolvidos por especialistas, testados e analisados diversas vezes e, por isso, certificam total seguran\u00e7a ao patrim\u00f4nio e \u00e0s pessoas presentes no local, na mesma medida em que colaboram diretamente com a atua\u00e7\u00e3o da equipe do corpo de bombeiros. Entre estes equipamentos contra inc\u00eandios SP, est\u00e3o:<\/p>\n<ul class=\"list\">\n<li>Extintores de inc\u00eandio;<\/li>\n<li>Sprinklers;<\/li>\n<li>Hidrantes;<\/li>\n<li>Mangueiras;<\/li>\n<li>Bombas de inc\u00eandio.<\/li>\n<li>Sinalizadores.<\/li>\n<\/ul>\n<p>Ou seja, itens totalmente voltados para uma atua\u00e7\u00e3o segura e eficiente em um momento de emerg\u00eancia. \u00c9 importante considerar, inclusive, que alguns destes equipamentos contra inc\u00eandios SP s\u00e3o de uso obrigat\u00f3rio nos mais diversos locais e, portanto, n\u00e3o t\u00ea-los nestes ambientes, al\u00e9m de ser uma atitude irrespons\u00e1vel, \u00e9 totalmente fora da lei.<\/p>\n<h2>EQUIPAMENTOS CONTRA INC\u00caNDIOS SP: GARANTIA DE SEGURAN\u00c7A<\/h2>\n<p>Escolas, igrejas, empresas, restaurantes ou qualquer outro local onde esteja um consider\u00e1vel numero de pessoas t\u00eam a necessidade de dispor da presen\u00e7a dos equipamentos contra inc\u00eandios SP. Estes itens certificam uma possibilidade maior de controle de inc\u00eandios e, portanto, previnem maiores acidentes. Por isso, esses equipamentos s\u00e3o t\u00e3o fundamentais. Cabe, portanto, aos respons\u00e1veis em adquirir o que melhor se adapta ao seu neg\u00f3cio.<\/p>\n<h2>OS EQUIPAMENTOS CONTRA INC\u00caNDIOS SP DE QUALIDADE EST\u00c3O NA MFS<\/h2>\n<p>Contando com uma variedade de equipamentos voltados para o combate contra inc\u00eandios, a MFS segue crescendo no ramo e conquistando ainda mais clientes. E isso ocorre por conta da qualidade, da resist\u00eancia e do \u00f3timo pre\u00e7o que a empresa oferece nos seus produtos. Ao contar com a MFS, uma empresa garante ao seu ambiente os equipamentos mais duradouros, eficientes e seguros e, desta forma, alcan\u00e7am total preven\u00e7\u00e3o contra situa\u00e7\u00f5es de emerg\u00eancia.<\/p>\n<div class=\"more\">\n<h2>Para saber mais sobre Equipamentos contra inc\u00eandios sp<\/h2>\n<p>Ligue para\u00a0<strong>11 2925-3675<\/strong>\u00a0ou\u00a0<a title=\"Envie um e-mail para MFS\" href=\"http:\/\/www.mfsincendio.com.br\/contato\" rel=\"nofollow\">clique aqui<\/a>\u00a0e entre em contato por email.<\/div>\n","protected":false},"excerpt":{"rendered":"<div class=\"slide-text-bg2\">\n<h3>Clique nas imagens para ampliar EQUIPAMENTOS CONTRA INC\u00caNDIOS SP E REGI\u00c3O \u00c9 verdade que, infelizmente, devido \u00e0 falta de preven\u00e7\u00e3o<\/h3>\n<\/div>\n<div class=\"flex-btn-div\"><a href=\"https:\/\/mfsincendio.com.br\/?page_id=54\" class=\"btn1 flex-btn\">Ler mais<\/a><\/div>\n","protected":false},"author":1,"featured_media":0,"parent":0,"menu_order":0,"comment_status":"closed","ping_status":"closed","template":"","meta":{"_joinchat":[],"footnotes":""},"class_list":["post-54","page","type-page","status-publish","hentry"],"_links":{"self":[{"href":"https:\/\/mfsincendio.com.br\/index.php?rest_route=\/wp\/v2\/pages\/54","targetHints":{"allow":["GET"]}}],"collection":[{"href":"https:\/\/mfsincendio.com.br\/index.php?rest_route=\/wp\/v2\/pages"}],"about":[{"href":"https:\/\/mfsincendio.com.br\/index.php?rest_route=\/wp\/v2\/types\/page"}],"author":[{"embeddable":true,"href":"https:\/\/mfsincendio.com.br\/index.php?rest_route=\/wp\/v2\/users\/1"}],"replies":[{"embeddable":true,"href":"https:\/\/mfsincendio.com.br\/index.php?rest_route=%2Fwp%2Fv2%2Fcomments&post=54"}],"version-history":[{"count":0,"href":"https:\/\/mfsincendio.com.br\/index.php?rest_route=\/wp\/v2\/pages\/54\/revisions"}],"wp:attachment":[{"href":"https:\/\/mfsincendio.com.br\/index.php?rest_route=%2Fwp%2Fv2%2Fmedia&parent=54"}],"curies":[{"name":"wp","href":"https:\/\/api.w.org\/{rel}","templated":true}]}}