{"id":72,"date":"2018-09-14T18:56:48","date_gmt":"2018-09-14T18:56:48","guid":{"rendered":"http:\/\/ligadonanet.com.br\/mfs\/?page_id=72"},"modified":"2018-09-14T18:56:48","modified_gmt":"2018-09-14T18:56:48","slug":"iluminacao-de-emergencia-incendio","status":"publish","type":"page","link":"https:\/\/mfsincendio.com.br\/?page_id=72","title":{"rendered":"Ilumina\u00e7\u00e3o de emerg\u00eancia inc\u00eandio"},"content":{"rendered":"<ul class=\"gallery\">\n<li><a class=\"lightbox\" title=\"Ilumina\u00e7\u00e3o de emerg\u00eancia inc\u00eandio\" href=\"http:\/\/www.mfsincendio.com.br\/imagens\/informacoes\/iluminacao-emergencia-incendio-01.jpg\" data-fancybox=\"group1\" data-caption=\"Ilumina\u00e7\u00e3o de emerg\u00eancia inc\u00eandio\"><img decoding=\"async\" title=\"Ilumina\u00e7\u00e3o de emerg\u00eancia inc\u00eandio\" src=\"http:\/\/www.mfsincendio.com.br\/imagens\/informacoes\/\/iluminacao-emergencia-incendio-01.jpg\" alt=\"Ilumina\u00e7\u00e3o de emerg\u00eancia inc\u00eandio\" \/><\/a><\/li>\n<li><a class=\"lightbox\" title=\"Ilumina\u00e7\u00e3o de emerg\u00eancia inc\u00eandio\" href=\"http:\/\/www.mfsincendio.com.br\/imagens\/informacoes\/iluminacao-emergencia-incendio-02.jpg\" data-fancybox=\"group1\" data-caption=\"Ilumina\u00e7\u00e3o de emerg\u00eancia inc\u00eandio\"><img decoding=\"async\" title=\"Ilumina\u00e7\u00e3o de emerg\u00eancia inc\u00eandio\" src=\"http:\/\/www.mfsincendio.com.br\/imagens\/informacoes\/\/iluminacao-emergencia-incendio-02.jpg\" alt=\"Ilumina\u00e7\u00e3o de emerg\u00eancia inc\u00eandio\" \/><\/a><\/li>\n<li><a class=\"lightbox\" title=\"Ilumina\u00e7\u00e3o de emerg\u00eancia inc\u00eandio\" href=\"http:\/\/www.mfsincendio.com.br\/imagens\/informacoes\/iluminacao-emergencia-incendio-03.jpg\" data-fancybox=\"group1\" data-caption=\"Ilumina\u00e7\u00e3o de emerg\u00eancia inc\u00eandio\"><img decoding=\"async\" title=\"Ilumina\u00e7\u00e3o de emerg\u00eancia inc\u00eandio\" src=\"http:\/\/www.mfsincendio.com.br\/imagens\/informacoes\/\/iluminacao-emergencia-incendio-03.jpg\" alt=\"Ilumina\u00e7\u00e3o de emerg\u00eancia inc\u00eandio\" \/><\/a><\/li>\n<\/ul>\n<p class=\"alerta\">Clique nas imagens para ampliar<\/p>\n<h2>FUNCIONALIDADE DO SISTEMA DE ILUMINA\u00c7\u00c3O DE EMERG\u00caNCIA INC\u00caNDIO<\/h2>\n<p>Dentre os equipamentos e sistemas que compreende os itens obrigat\u00f3rios de emerg\u00eancia e combate ao inc\u00eandio, est\u00e1 a eficiente\u00a0<strong>ilumina\u00e7\u00e3o de emerg\u00eancia inc\u00eandio<\/strong>. Como o pr\u00f3prio nome adianta, esse \u00e9 um sistema de ilumina\u00e7\u00e3o utilizado no momento de emerg\u00eancia, que tem a fun\u00e7\u00e3o sinalizar os itens de seguran\u00e7a e sa\u00eddas de emerg\u00eancia durante a evacua\u00e7\u00e3o do ambiente que esteja passando por uma situa\u00e7\u00e3o de inc\u00eandio.\u00a0 Desta forma, pode-se concluir que a\u00a0<strong>ilumina\u00e7\u00e3o de emerg\u00eancia inc\u00eandio<\/strong>\u00a0tem a fun\u00e7\u00e3o de oferecer a ilumina\u00e7\u00e3o e sinaliza\u00e7\u00e3o necess\u00e1rias durante as situa\u00e7\u00f5es de risco.<\/p>\n<p>\u00c9 comum que em durante inc\u00eandios, por exemplo, a energia el\u00e9trica do ambiente seja atingida e, portanto, interrompida \u2013 o que oferece ainda maiores riscos \u00e0s pessoas presentes. E \u00e9 exatamente neste momento que se torna t\u00e3o funcional a\u00a0<strong>ilumina\u00e7\u00e3o de emerg\u00eancia inc\u00eandio<\/strong>. Isso porque esse equipamento se mant\u00e9m em pleno funcionamento, oferecendo \u00e0s pessoas n\u00e3o s\u00f3 a ilumina\u00e7\u00e3o necess\u00e1ria para evitar novos acidentes como tamb\u00e9m \u00e0 sinaliza\u00e7\u00e3o de indica\u00e7\u00e3o para a sa\u00edda de emerg\u00eancia. Al\u00e9m das sa\u00eddas, essa\u00a0<strong>ilumina\u00e7\u00e3o de emerg\u00eancia inc\u00eandio<\/strong>\u00a0tamb\u00e9m est\u00e1 presente em nas escadas e em outras rotas de fuga, inclusive, sinalizando tamb\u00e9m os poss\u00edveis obst\u00e1culos. \u00c9 tamb\u00e9m obrigat\u00f3rio que a\u00a0<strong>ilumina\u00e7\u00e3o de emerg\u00eancia inc\u00eandio<\/strong>\u00a0seja utilizada para indicar onde est\u00e3o presentes os demais equipamentos de combate a inc\u00eandio, por exemplo, extintores, mangueiras e outros.<\/p>\n<h2>CUIDADOS SOBRE ILUMINA\u00c7\u00c3O DE EMERG\u00caNCIA INC\u00caNDIO<\/h2>\n<p>A import\u00e2ncia e colabora\u00e7\u00e3o da\u00a0<strong>ilumina\u00e7\u00e3o de emerg\u00eancia inc\u00eandio<\/strong>\u00a0em um momento de risco s\u00e3o indiscut\u00edveis, no entanto, s\u00e3o fundamentais alguns cuidados antes de contar, de fato, com esse sistema, entre eles:<\/p>\n<ul class=\"list\">\n<li>Implanta\u00e7\u00e3o de ilumina\u00e7\u00e3o que n\u00e3o atrapalhe a vis\u00e3o;<\/li>\n<li>Baterias potentes que mantenham esse sistema em funcionamento;<\/li>\n<li>Utiliza\u00e7\u00e3o de equipamentos que n\u00e3o sejam inflam\u00e1veis.<\/li>\n<\/ul>\n<h2>SEGURAN\u00c7A E EFICI\u00caNCIA S\u00c3O COM A MFS<\/h2>\n<p>Desde 2009 no mercado, a MFS \u00e9 uma empresa que certifica os melhores sistemas e equipamentos voltados para o combate e preven\u00e7\u00e3o a inc\u00eandios, todos oferecendo total qualidade, resist\u00eancia e seguran\u00e7a aos locais onde s\u00e3o instalados. Por isso, a MFS \u00e9 a mais indicada empresa do setor, reconhecida pela sua excel\u00eancia e seriedade, al\u00e9m do quadro de colaboradores totalmente especializados no segmento, que oferecem um servi\u00e7o em total conformidade \u00e0s necessidades dos clientes.\u00a0 A empresa conta ainda com uma variedade de equipamentos modernos e eficientes, todos de acordo com as normas t\u00e9cnicas estabelecidas.<\/p>\n<div class=\"more\">\n<h2>Para saber mais sobre Ilumina\u00e7\u00e3o de emerg\u00eancia inc\u00eandio<\/h2>\n<p>Ligue para\u00a0<strong>11 2925-3675<\/strong>\u00a0ou\u00a0<a title=\"Envie um e-mail para MFS\" href=\"http:\/\/www.mfsincendio.com.br\/contato\" rel=\"nofollow\">clique aqui<\/a>\u00a0e entre em contato por email.<\/div>\n","protected":false},"excerpt":{"rendered":"<div class=\"slide-text-bg2\">\n<h3>Clique nas imagens para ampliar FUNCIONALIDADE DO SISTEMA DE ILUMINA\u00c7\u00c3O DE EMERG\u00caNCIA INC\u00caNDIO Dentre os equipamentos e sistemas que compreende<\/h3>\n<\/div>\n<div class=\"flex-btn-div\"><a href=\"https:\/\/mfsincendio.com.br\/?page_id=72\" class=\"btn1 flex-btn\">Ler mais<\/a><\/div>\n","protected":false},"author":1,"featured_media":0,"parent":0,"menu_order":0,"comment_status":"closed","ping_status":"closed","template":"","meta":{"_joinchat":[],"footnotes":""},"class_list":["post-72","page","type-page","status-publish","hentry"],"_links":{"self":[{"href":"https:\/\/mfsincendio.com.br\/index.php?rest_route=\/wp\/v2\/pages\/72","targetHints":{"allow":["GET"]}}],"collection":[{"href":"https:\/\/mfsincendio.com.br\/index.php?rest_route=\/wp\/v2\/pages"}],"about":[{"href":"https:\/\/mfsincendio.com.br\/index.php?rest_route=\/wp\/v2\/types\/page"}],"author":[{"embeddable":true,"href":"https:\/\/mfsincendio.com.br\/index.php?rest_route=\/wp\/v2\/users\/1"}],"replies":[{"embeddable":true,"href":"https:\/\/mfsincendio.com.br\/index.php?rest_route=%2Fwp%2Fv2%2Fcomments&post=72"}],"version-history":[{"count":0,"href":"https:\/\/mfsincendio.com.br\/index.php?rest_route=\/wp\/v2\/pages\/72\/revisions"}],"wp:attachment":[{"href":"https:\/\/mfsincendio.com.br\/index.php?rest_route=%2Fwp%2Fv2%2Fmedia&parent=72"}],"curies":[{"name":"wp","href":"https:\/\/api.w.org\/{rel}","templated":true}]}}